t u = -25 + 38. Suppose 2 + u = 5*o. Suppose -124 = -o*m - m. Is m composite?
False
Let f = -24 + 0. Is f/(-18)*7713/6 a prime number?
False
Suppose 223 - 48 = 7*d. Let i = -29 + d. Let w(v) = -3*v**3 - 3*v**2 + 4*v - 5. Is w(i) prime?
False
Let o(a) = a**3 + 7*a**2 - 13*a - 2. Let l be o(-10). Let c = l - -968. Suppose 25 = -5*n, -2*f = 2*n - 0*n - c. Is f composite?
True
Let o(r) be the third derivative of -r**7/144 + 7*r**6/360 - r**5/20 + 6*r**2. Let j(g) be the third derivative of o(g). Is j(-7) a prime number?
False
Let n(s) = -15*s**3 - 7*s**2 + 14. Let q(r) = 3 + 8*r**2 + 2 + 7*r**3 - 12 - 5*r**2. Let j(x) = -6*n(x) - 13*q(x). Is j(-6) a prime number?
True
Let k(v) = 40*v**2 + 4*v - 1. Let n be k(-3). Suppose -415 = -2*l + n. Is l a composite number?
True
Let v be (-2 + 336 + -3)*1. Let o = v - 60. Suppose -3*x + 4*a + o = 0, x - 101 + 15 = -3*a. Is x prime?
True
Let w be 1*9/3 + 1. Suppose 0 = v - 2, 3781 = w*s - 3*v - 6225. Is s a prime number?
True
Suppose q = 4*m - 194, 0 = 5*q - 3*q + 3*m + 421. Let g = 77 - 141. Let f = g - q. Is f a composite number?
True
Let o = 6066 + -1687. Is o a prime number?
False
Let t(d) = -108 + 7*d + 212 - 10*d**2 - d**3 - 117. Is t(-14) composite?
False
Suppose -4*n = w + 1, -w + 16 = -4*w + n. Let x(v) = -15*v**2 + 9*v + 4. Let u be x(w). Is (14/4)/((-16)/u) prime?
False
Suppose 2*p = 2, p + 3*p = -3*o + 2611. Let j be (-29110)/(-50) + 1/(-5). Let i = o - j. Is i composite?
True
Let w = 13928 + 663. Is w a prime number?
True
Let t(o) = -4*o. Suppose 3*v - 5*r = 8, -v + 5*r - 4 + 20 = 0. Let i be t(v). Is (-24)/i*(-22)/3 a composite number?
False
Let c = -71 + 77. Let b(s) = 386*s + 1. Is b(c) a composite number?
True
Let c be (-352)/48*306/(-4). Suppose c = 3*y - v - v, -4*y + 3*v + 748 = 0. Is y prime?
False
Suppose 0*f = f + 9. Let s be (0 - 9) + (-6 - f). Is (-8)/s*582/4 prime?
False
Let l(z) = z - 13. Let x be l(12). Let k be x/2 - 10/(-4). Suppose 0 = 4*u - n - 131, -k*n - 48 = -2*u + 2*n. Is u prime?
False
Suppose 27275 = 5*x - 2*y - 23396, 0 = 4*x + 3*y - 40523. Is x a composite number?
False
Let d(p) = 44*p**2 + 5. Let n(x) = x**2 + 10*x + 13. Let c be (-305)/35 - 2/7. Let i be n(c). Is d(i) a prime number?
True
Let j = 44974 + -14187. Is j composite?
True
Let k(f) = 7*f**3 - 4*f**2 + 7*f - 21. Let r(q) = -14*q**3 + 7*q**2 - 15*q + 43. Let x(v) = 5*k(v) + 2*r(v). Is x(8) prime?
True
Let c be 314/((-11)/(198/12)). Let n = c - -3688. Is n prime?
True
Let l(z) = 59*z**2 + 2*z - 2. Let q(c) = -c**2 - 2*c + 16. Let g be q(-5). Is l(g) a composite number?
False
Suppose -3 = 3*c, 3 = 4*m - 4*c - 1. Suppose -b + 1007 + 1046 = m. Is b a prime number?
True
Let c = -3195 + 19142. Is c a prime number?
False
Let t be 10/40 + 189/(-4). Let r = t + 114. Is r a composite number?
False
Let i = 111047 - 76390. Is i a prime number?
False
Let q(s) = -s**2 + 6*s - 4. Let b be q(2). Suppose -v + 2*v - 92 = 4*k, 5*v = -b*k - 68. Let c = 281 + k. Is c a prime number?
False
Let k(i) = -15*i**3 - 7*i**2 + 6*i + 1. Is k(-6) composite?
False
Let p be ((-2)/4*(16 + -16))/2. Suppose -3*b - h - h + 2347 = p, -1566 = -2*b - h. Is b a composite number?
True
Suppose -2*y + 7 = -d, 0 = -y - d + 6*d - 19. Suppose y = -7*j + 8*j. Let i(s) = 3*s**2 + 7*s - 9. Is i(j) composite?
True
Let y(m) = 29*m**3 - 2*m**2 + 5*m + 1. Suppose -3*u = -6*u - 2*p + 5, 0 = u + p - 1. Is y(u) composite?
True
Let v = -10 - -10. Suppose h - 2*s - 14 = v, 4*h + s - 3*s = 50. Is 21/2*296/h a prime number?
False
Let l = 5965 - 2850. Suppose 1740 + l = 5*r. Is r a composite number?
False
Let m(t) be the first derivative of t**4/4 - t**3/6 + 7*t**2/2 - 4*t + 6. Let j(q) be the first derivative of m(q). Is j(8) a composite number?
False
Suppose -j - 4*j - 15 = 0, 0 = -4*b + 4*j + 48. Suppose b*a - 1121 = 778. Is a composite?
False
Let y(p) = -353*p + 1. Let v be y(-3). Is 4/6 + v/12 a composite number?
False
Suppose 0 = -11*z + 3799 + 11700. Is z composite?
False
Let g be ((-82020)/(-4 - -9))/((-9)/6). Suppose 7*w - 11793 = g. Is w composite?
True
Let d be ((-336)/(-35))/(3/580). Suppose -3*l - l = o - 483, -3*l - d = -4*o. Is o prime?
True
Let f be 2/(-6) + 2870/15. Suppose 6*a - f = 5*a. Is a composite?
False
Suppose -f + 3*f = 2*d + 14, 0 = -5*f - 5*d - 15. Suppose f*a - 3556 = -2*a. Is a a composite number?
True
Suppose -5*v - 4*a + 335310 = a, -2*a = -v + 67074. Is v prime?
False
Let b = -598 - 35. Is (-3)/(b/(-159) + -4) a prime number?
False
Suppose 2*h - 9334 = 4*k, -3014 = -3*h - 4*k + 10967. Is h a composite number?
False
Let s = 234 + 181. Let b = s - 148. Is b prime?
False
Is ((-12)/(-42))/(6/32613) prime?
True
Suppose -29*j + 33*j = 12. Suppose f + 11*h = 8*h + 796, 9 = j*h. Is f a prime number?
True
Suppose 2*x - 1259 = 11. Is x composite?
True
Suppose -w - v = -9497, 2269 + 7232 = w + 2*v. Is w composite?
True
Let r = -3811 + 17998. Is r a composite number?
True
Let c(f) = 934*f**2 - 45*f + 90. Is c(-19) a composite number?
False
Let n = 4196 - 1959. Is n prime?
True
Let q(i) = 11*i + 10. Let p be -1 + -2 + (-2)/(-1). Let a be (11/1 - p) + -1. Is q(a) prime?
True
Let y(w) = -w**2 - w. Let u be y(-2). Let h = -10 - u. Is -22*2/(h/22) a composite number?
True
Let r be (0/(-2))/(-2 - -5). Suppose 7 = y + 4*h, r = 3*h - 6 + 3. Suppose -2*g = p - 105, 53 = 3*g - y*p - 91. Is g prime?
False
Let j be (-4 + (-27)/(-6))*2. Let t(i) = -j - 3*i - 36*i - 57*i + 8. Is t(-5) a composite number?
False
Let b = -5775 + 10074. Is b a composite number?
True
Let d(u) = 24*u + 1 - 7*u + 19 + 1. Let p be d(7). Suppose -p = -5*y + y. Is y prime?
False
Suppose 0 = 5*w + 5*x - 35285, w + 3*x + 116 - 7165 = 0. Is w a prime number?
False
Suppose 122 = a - 1421. Is a prime?
True
Let q(b) = -2 - 3140*b**3 - 3*b + 3 - b**2 + 2*b - 2. Is q(-1) a prime number?
False
Let v = -653 + 1522. Is v a composite number?
True
Suppose 0 = 3*h - 15114 + 6081. Is h a composite number?
False
Let j(c) = -211*c**3 - 4*c - 6. Let w be j(-3). Suppose w + 3064 = 11*u. Is u prime?
True
Let p(n) = 4*n**2 + 38*n - 118. Is p(22) composite?
True
Suppose 2 - 7 = -4*g - 3*k, -k = 3*g - 10. Suppose 3462 = g*u - 1073. Is u composite?
False
Suppose 4*d + 50 = 5*w - 0*d, -13 = -3*w - d. Suppose 27 = h + z - w, h = 4*z + 53. Is h a prime number?
True
Is (6159/(-1))/(-2 - (3 + -2)) a composite number?
False
Suppose 3*r - 3 = 2*r. Let z be 0 - (0 - r - -1). Suppose 5*j - 4851 = -4*l, 3*j - l - 2905 = -z*l. Is j a composite number?
False
Let d be (-2)/(-6) - 10/3. Let l(n) = -18*n + 4. Let z(b) = 17*b - 4. Let y(m) = d*z(m) - 2*l(m). Is y(-3) prime?
False
Let l = 35 + -39. Let g(i) = 21*i**2 + 2*i + 7. Is g(l) prime?
False
Let b(d) = 4*d**3 + 2*d**2 + 5*d + 8. Suppose 41*k = 38*k + 15. Is b(k) composite?
True
Let d be (42/(-35))/((-4)/10). Suppose 0 = -d*c + 7*c, -265 = -5*z - 2*c. Is z prime?
True
Let c(b) = 29*b**2 + 17*b - 23. Let s(w) = -2*w**2 - 13*w - 5. Let q be s(-5). Is c(q) a prime number?
False
Let b = -6380 - -12003. Is b composite?
False
Is 3*1/(-1)*(-1623532)/372 a prime number?
True
Suppose -8 = m - 0*l + 3*l, 0 = 5*m + 2*l + 1. Let j = -4 - m. Is (-2)/10 + (-2286)/j a prime number?
True
Let s = 12462 - 5657. Is s a prime number?
False
Let v = -14 - -13. Is 381/(-2 - 1)*v composite?
False
Let q = 60 + -140. Let u(p) = -17*p - 3. Let k be u(-8). Let b = q + k. Is b composite?
False
Let a(g) = 85*g**3 - 3*g**2 + 3*g - 5. Let b be (-7)/(-3)*(-9 + 12). Let i be 12/b - (-6)/21. Is a(i) a composite number?
True
Suppose -5*n = -0*n + 70. Let q be 11204/n - 8/(-28). Let l = q - -1266. Is l a prime number?
False
Let w be (55252/8)/(2/(-4) - -1). Let v = 19832 - w. Is v a prime number?
False
Suppose -2*m + 13 = 3*p - 3, p - 4*m = -4. Let d be (2 + (-21)/6)*p. Is -3*-339*d/(-27) prime?
False
Suppose 2*y - 137700 = -4*v, -15*v - 3*y - 34439 = -16*v. Is v prime?
False
Suppose 62372 = 16*a + 6516. Is a prime?
True
Is -2*(11 - 9) - (-4785)/3 a prime number?
False
Suppose -9*n = -80561 - 39742. Is n a prime number?
True
Is 1362/((-1)/(-1)) + -1 composite?
False
Let x(c) = 3*c**2 + 7*c - 1. Let t be x(9). Let g = 83 - -47. Suppose t = 3*v - g. Is v a composite number?
True
Suppose -3*u + 37 = 247. Let p = 105 + u. Is p prime?
False
Suppose -15577 = 11*u - 122706. Is u prime?
True
Let g be 58/4 + 2/(-4).